st common factor of f and 6?
6
Suppose -5*g = -10, 4*g + g = 5*p - 865. Calculate the greatest common divisor of p and 70.
35
Suppose -c = 9 - 57. Suppose 0 = -8*p - 0*p + 96. Calculate the highest common factor of c and p.
12
Suppose 0 = 5*y + 4*j - 24 - 98, 3*y = -j + 69. What is the greatest common divisor of 154 and y?
22
Let l(f) = -f**2 - 6*f + 6. Let c be l(-5). Let v = 99 + -22. Calculate the greatest common divisor of c and v.
11
Suppose -2 = 2*y - 18. Let g(q) = -q**2 - 8*q + 2. Let v be g(-8). What is the highest common divisor of y and v?
2
Let y(c) = c**3 + 5*c**2 + 3*c + 2. Let j be y(-3). Suppose 2*h = j + 19. What is the greatest common divisor of 135 and h?
15
Suppose 4*p + 32 = 64. Calculate the greatest common factor of 1 and p.
1
Let s be (-6)/15 + (-32)/(-5). Let o be ((-2)/4)/((-3)/s). Let l = o - -13. Calculate the greatest common factor of l and 126.
14
Let q(w) = -2*w + 23. Let d be q(10). What is the highest common factor of d and 15?
3
Suppose m - 39 = -2*m. Suppose 2*s - 17 = m. Suppose 3*d + 8 - 23 = 0. What is the greatest common divisor of d and s?
5
Let j(v) = -v**3 - v**2. Let m be j(0). Suppose 4*g - 19 + 7 = m. Suppose 0*u + 4*p = 2*u, -g*u + 28 = p. Calculate the highest common factor of 16 and u.
8
Let i(n) = n**3 - 4*n**2 + 2*n - 7. Let o be i(5). Let y be (-44)/(-11) - 3*-1. Calculate the highest common factor of y and o.
7
Suppose 4*h - 13 + 1 = 0. What is the greatest common divisor of 21 and h?
3
Let h be 6/(5/(640/12)). Calculate the greatest common divisor of 8 and h.
8
Suppose 4*n = 12, 2*u = -u + n + 3. Suppose u - 4 = -2*j. What is the highest common factor of 1 and j?
1
Suppose 1128 = 4*t - 24. Calculate the greatest common divisor of t and 32.
32
Suppose 25 + 7 = 2*q. What is the highest common factor of 16 and q?
16
Let i be 1*(0 + 4)*2. Let r = 16 - 8. What is the highest common divisor of r and i?
8
Let t be 40/(-3)*((-2 - -3) + -4). Calculate the highest common divisor of 20 and t.
20
Let h be (-77)/(-4) + (-1)/4. Let g = -82 + 253. What is the highest common factor of g and h?
19
Suppose 0*m - 5*x = -m + 166, 0 = 2*x. Suppose m = 4*r - 50. Calculate the highest common factor of 6 and r.
6
Let j(q) = 8*q - 6. Let a be j(6). Let d(i) = 5 - 4*i - 5 + 1 + i**2 + 5. Let u be d(4). Calculate the highest common factor of u and a.
6
Suppose -2*k - 2 = -4*k. Let a be (-1)/((-3)/30) + -2. Calculate the greatest common divisor of a and k.
1
Let f be (-1 - -2) + 4/2. Suppose -4 = -k + f. Suppose k = 2*j - 17. What is the greatest common factor of 24 and j?
12
Suppose 2*k - 2*h + 4*h = 10, 5*k - 2*h - 32 = 0. Let u = k - 3. Suppose u*t - b - 27 = 0, 24 = 5*t - 2*b - 21. What is the highest common factor of t and 6?
3
Let p be -3 - 2*(-1 - 2). Suppose p - 2 = -r. Let k be (12/(-15))/(r/20). Calculate the greatest common divisor of k and 24.
8
Suppose 4*v = -5*s + 385, 3*s - 5*v - 135 = 133. Calculate the highest common factor of 27 and s.
27
Let f = 15 + -6. Suppose -5*w = -26 + 6. Suppose -2*a - w*n = -2, 5*a - 5 = -0*a + 5*n. What is the greatest common divisor of f and a?
1
Suppose -6 = -4*g - 2. Let y be 0 - -7 - (6 + -5). Let j be (y/21)/(1/7). Calculate the highest common divisor of j and g.
1
Let x be 19/2 + (-2)/(-4). What is the greatest common divisor of x and 30?
10
Let z(t) = 2*t**2 + 3*t + 3. Let n be z(4). Let c = n - -58. What is the highest common divisor of c and 15?
15
Let z = -58 - -102. Let f be 4 + -4*3/6. Suppose 0 = -o + f + 2. What is the greatest common divisor of o and z?
4
Suppose -45 = -4*v - 3*p + 12, 4*v - 4*p - 92 = 0. Let x(t) = 2*t**3 + 2*t**2 - 2*t + 1. Let d be x(1). Calculate the highest common divisor of d and v.
3
Suppose -1 = 3*v - 4. Let y be (v - 13)*2/(-4). Suppose -5*m - 3*a + 259 = -15, -y = 3*a. What is the greatest common factor of m and 7?
7
Suppose -3*n - 6 = -n, -4*r = 5*n - 9. Suppose o - 2*z = -0*z - 8, -o - 33 = 3*z. Let d be (-76)/o + 4/(-18). What is the greatest common divisor of r and d?
2
Suppose 0 = 13*k - 14*k + 9. What is the greatest common divisor of 9 and k?
9
Suppose 1728 = -6*h + 22*h. Calculate the highest common divisor of 27 and h.
27
Suppose 0 = 3*r - r + z - 29, -3*r + 39 = 3*z. Let a be (-3)/(0 + (-6)/8). What is the greatest common divisor of r and a?
4
Let u = 29 - 13. Suppose p - 3*p = -u. Suppose n = -3*n + 32. What is the greatest common factor of n and p?
8
Let t = -87 - -181. Let f = t + -39. Let s be -2*1/(-2)*11. Calculate the greatest common factor of s and f.
11
Suppose 734 = 5*h + 3*d, -8*h = -6*h - 2*d - 284. What is the highest common factor of 29 and h?
29
Let n be ((-6)/9)/(2/(-192)). Suppose 5*o = n + 11. Let c be ((-6)/(-4))/((-5)/(-10)). What is the greatest common factor of c and o?
3
Let w(m) = m + m**2 - 6*m - 2*m**2. Let b be w(-4). Suppose 0 = -b*x - 78 + 338. Calculate the greatest common factor of x and 26.
13
Suppose 294 = 3*f - 0*f. Let t = f - 34. Calculate the highest common divisor of t and 8.
8
Let y(o) = 2*o - 5. Let c(z) = -2*z - 3. Let f be c(-6). Let x be y(f). Let d be -2 + 0 + 186/2. Calculate the greatest common factor of d and x.
13
Suppose 6*d - 13*d = -70. Calculate the highest common divisor of 20 and d.
10
Let a(i) = i**3 - i - 1. Let g = -2 - -4. Let p be a(g). Suppose 0 = -p*r + 224 + 216. Calculate the highest common divisor of 8 and r.
8
Let m = -12 + 16. Suppose 4*l - k = 32, 0 = m*l + 5*k - 2*k - 48. What is the highest common factor of l and 72?
9
Let o(h) = h + 10. Let l be o(-4). What is the greatest common factor of l and 6?
6
Let i(x) = -3*x - 5. Let w be i(-4). Let b(u) = -u + 15. Let g be b(w). What is the greatest common factor of g and 8?
8
Let n be 0 + (288/(-2))/(-2). Let j(u) = u - 9. Let m be j(7). Let a = m - -11. What is the highest common factor of n and a?
9
Let s(t) = 2*t**2 + 16*t. Let o be s(7). What is the highest common divisor of o and 21?
21
Let z be 49/28*44*1. Let w be (z/(-14))/((-2)/96). Calculate the greatest common factor of w and 24.
24
Let w(s) = -s**3 - 9*s**2 - 4*s - 26. Let x be w(-11). What is the greatest common factor of x and 104?
52
Let m = -13 - -17. Let o be 13 + m/((-12)/9). What is the greatest common divisor of o and 70?
10
Let q(y) = -y - 11. Let j be q(-6). Let x be j + 4 - -58*4. Calculate the greatest common factor of x and 33.
33
Let s(r) = -4*r**2 + r. Let h be s(1). Let w be -1*(6/h + 0). Suppose 147 = 3*y - x, w*x = y - 0*y - 44. What is the highest common factor of y and 20?
10
Let u = 3 + -5. Let l be -2 - u*11 - -2. Calculate the greatest common divisor of 242 and l.
22
Let c(r) = r - 3. Let m(b) = b - 3. Let h be m(3). Suppose -24 = -h*y - 3*y. Let l be c(y). What is the highest common divisor of 40 and l?
5
Let o(c) = -c. Let l be o(-6). Let p be l/(-15) - 107/(-5). Calculate the greatest common divisor of 105 and p.
21
Let z(d) = -d**2 + 2*d + 1. Let f be z(-4). Let a = f - -41. Calculate the greatest common divisor of a and 6.
6
Let b be (-3)/6*14*2. Let q = b - -23. What is the greatest common factor of q and 27?
9
Suppose -3*c + 16 = c. Calculate the greatest common divisor of 6 and c.
2
Let f = 79 + -45. Suppose 2*h + 0*h = 2*y + f, h + 2*y - 11 = 0. Calculate the greatest common factor of h and 10.
5
Suppose 0 = -4*l + 3 + 5. Suppose -3*t = -r - l*r + 99, 4*r - 5*t = 129. Suppose -591 = -3*j + r. Calculate the greatest common factor of 19 and j.
19
Let h be (52/8*2)/1. What is the greatest common divisor of h and 65?
13
Let f be ((-2)/4)/(2/(-240)). Suppose -3*k = 2*t - 40, 3*t - 3*k + 2*k - f = 0. Calculate the greatest common divisor of 140 and t.
20
Suppose -5*p - 7 = -4*a - 86, -3*p = -3*a - 48. What is the greatest common divisor of 165 and p?
15
Let f = -126 - -230. What is the greatest common divisor of f and 8?
8
Let o(y) = -4*y + 1. Let j be o(-2). Let v be (0 + 1)/(2/6). Let u be (-1)/(0 - v - -2). Calculate the greatest common factor of j and u.
1
Let x(a) = a**2 - 7*a + 5. Let r be x(7). Let h(b) = -2*b + 3. Let q be h(r). Let v = q - -14. What is the highest common factor of v and 77?
7
Let l = -541 + 941. Calculate the greatest common divisor of l and 50.
50
Let s(p) = p**2 - 5*p + 10. Let o be s(7). Calculate the greatest common factor of o and 8.
8
Let t = -12 + 28. Let i = -15 + t. What is the greates